n base 10, what is 15 - -183446?
183461
In base 15, what is c6c3 - -4?
c6c7
In base 16, what is 14c + 19?
165
In base 7, what is -112 + 25542?
25430
In base 12, what is 17 + a742?
a759
In base 2, what is 1101110100 - -1101001?
1111011101
In base 8, what is 131400 + 77?
131477
In base 16, what is -7e - 2a90?
-2b0e
In base 5, what is -31 + -10214?
-10300
In base 2, what is -101010101 - 1011?
-101100000
In base 11, what is -36222 - 3?
-36225
In base 15, what is -8ec - -26?
-8c6
In base 5, what is 0 - 22224233?
-22224233
In base 15, what is 7c4a + -3?
7c47
In base 12, what is 5 + 29753?
29758
In base 13, what is -4a2 - -2cb?
-1a4
In base 5, what is 330141 + -10?
330131
In base 16, what is 15ed + 6?
15f3
In base 8, what is 6072 + -116?
5754
In base 11, what is -776 - -6?
-770
In base 8, what is 10006 + 431?
10437
In base 2, what is -111000000 + -1001000?
-1000001000
In base 3, what is 220 + -2210010110?
-2210002120
In base 12, what is 95a - -203?
b61
In base 16, what is -24 - 4d64?
-4d88
In base 10, what is -3281 + -190?
-3471
In base 11, what is 1 - 4176?
-4175
In base 6, what is 21102004 - 2?
21102002
In base 11, what is 3281 + -1?
3280
In base 6, what is 54 - 110?
-12
In base 10, what is -1625 + -646?
-2271
In base 9, what is 8 - 1004?
-885
In base 16, what is d7d4 + 6?
d7da
In base 16, what is -21d - -add?
8c0
In base 11, what is -171550 + 3?
-171548
In base 9, what is -1 - 281132?
-281133
In base 11, what is a + 390131?
390140
In base 5, what is -1342320 - 24?
-1342344
In base 6, what is -25 + 45222?
45153
In base 14, what is -5c6 - -a93?
4ab
In base 11, what is -4354 + 120?
-4234
In base 15, what is -15 - 3cb0?
-3cc5
In base 2, what is 110 + 11110010011100?
11110010100010
In base 9, what is 3 - 16856?
-16853
In base 16, what is 48 - 4d9?
-491
In base 2, what is 11001 + 101100001111100111?
101100010000000000
In base 16, what is -19ed5 - -22?
-19eb3
In base 3, what is -11220002 - 10021?
-12000100
In base 11, what is 7 - -547?
553
In base 10, what is -3 + -49678?
-49681
In base 7, what is -444054 + -22?
-444106
In base 8, what is -13773 + 343?
-13430
In base 4, what is 20 + -111113?
-111033
In base 15, what is 3 + eaa9b?
eaa9e
In base 9, what is -2 - -204575?
204573
In base 10, what is -3 - 443291?
-443294
In base 10, what is -57 + -6959?
-7016
In base 3, what is 11 + -11112010222?
-11112010211
In base 6, what is 1041155 - 15?
1041140
In base 2, what is -11 + -1000001101000111001?
-1000001101000111100
In base 10, what is 2 - 1070?
-1068
In base 3, what is -110 - 120121222?
-120122102
In base 12, what is 4ab0 - 4?
4aa8
In base 7, what is -13 + -16660?
-20003
In base 7, what is -11 - -52233?
52222
In base 12, what is 6 + -1721?
-1717
In base 15, what is 482c1 + 4?
482c5
In base 4, what is -1220010 + -332?
-1221002
In base 9, what is -1548 - 121?
-1670
In base 7, what is -1351524 - 1?
-1351525
In base 8, what is 126171 + 0?
126171
In base 8, what is -4207 - 242?
-4451
In base 15, what is a5 + 80?
135
In base 4, what is -302 - -302103?
301201
In base 9, what is -181381 - -4?
-181376
In base 6, what is -124541 + -44?
-125025
In base 5, what is 2 - -3310244?
3310301
In base 15, what is -43c0 - -2?
-43bd
In base 5, what is 32021 - -12?
32033
In base 9, what is 3 - 112383?
-112380
In base 7, what is 2064 + 5541?
10635
In base 9, what is -46370 - -4?
-46365
In base 10, what is -2963 + 669?
-2294
In base 7, what is -360342 - -5?
-360334
In base 5, what is -2 - 2411030?
-2411032
In base 15, what is 1 + 3995?
3996
In base 9, what is -5 - -152852?
152846
In base 6, what is 3114 - 52342?
-45224
In base 4, what is 3000 + 200123?
203123
In base 8, what is -3116 + 661?
-2235
In base 15, what is -5 - -51ce?
51c9
In base 4, what is -12000 - 123?
-12123
In base 16, what is -209 + -13c?
-345
In base 13, what is -9b + -415?
-4b3
In base 2, what is 100101100100011001001 - -100?
100101100100011001101
In base 14, what is a - -d71?
d7b
In base 15, what is 3 - -6631?
6634
In base 6, what is 11 + 3043504?
3043515
In base 13, what is -1b4a45 - -3?
-1b4a42
In base 10, what is 0 + 13945?
13945
In base 3, what is -100221 + 12012?
-11202
In base 16, what is -3 + -769b?
-769e
In base 3, what is 200001101021022 - -2?
200001101021101
In base 12, what is 2024 - -7?
202b
In base 2, what is 100001000110 + -100001?
100000100101
In base 9, what is -3 + 23073?
23070
In base 6, what is 341 + -1041?
-300
In base 16, what is -c8b + f1?
-b9a
In base 10, what is 18651 - 35?
18616
In base 13, what is 2120c + 43?
21252
In base 10, what is 2175 + 9?
2184
In base 5, what is 1103 - -24?
1132
In base 3, what is -2101120 + 10122?
-2020221
In base 5, what is -21400344 + 1?
-21400343
In base 11, what is -2 - -5266a?
52668
In base 13, what is -66013 + -5?
-66018
In base 13, what is -44 - -87c?
838
In base 12, what is -835 + -99?
-912
In base 9, what is 63827 + 5?
63833
In base 11, what is 2 + 9a881?
9a883
In base 7, what is 14641 - 1116?
13522
In base 3, what is -1112122221 + 1?
-1112122220
In base 6, what is 1551 - 2442?
-451
In base 5, what is 41202 - 113?
41034
In base 5, what is -10 + -20043101?
-20043111
In base 13, what is 2 + 206884?
206886
In base 6, what is -2551 - 434?
-3425
In base 9, what is 2620 - 10?
2610
In base 9, what is 314 - 168?
135
In base 16, what is 125 + 1d8?
2fd
In base 3, what is -101 + 112112202?
112112101
In base 12, what is 14 + 548?
560
In base 10, what is 73 - 1169?
-1096
In base 4, what is -132333303 - -11?
-132333232
In base 9, what is 4 + -10488?
-10484
In base 4, what is 100 - 220113?
-220013
In base 7, what is 232 - 26235?
-26003
In base 10, what is 2098067 + -2?
2098065
In base 11, what is 92 + 405?
497
In base 16, what is 4 - d100?
-d0fc
In base 15, what is a921 + 6?
a927
In base 8, what is 3073 - -17?
3112
In base 16, what is 1e2ac - 3?
1e2a9
In base 6, what is -2 + -4035?
-4041
In base 3, what is 10 - -2012122?
2012202
In base 16, what is -f42c - -5?
-f427
In base 7, what is 5103 + 451?
5554
In base 7, what is 10 - -136453?
136463
In base 3, what is -1 - -200010222?
200010221
In base 8, what is 1206 - -56?
1264
In base 7, what is -234 + -32116?
-32353
In base 16, what is -8 + 9a60?
9a58
In base 15, what is -1c541 - 0?
-1c541
In base 15, what is -206 - 289?
-490
In base 9, what is -126485 + -43?
-126538
In base 3, what is -10102221 - 22?
-10110020
In base 4, what is -203103231 + -1?
-203103232
In base 3, what is -1112212 - 12?
-1120001
In base 7, what is -46240 + 1320?
-44620
In base 13, what is b359 - 6?
b353
In base 2, what is -101 - -110111011001110010011?
110111011001110001110
In base 4, what is -1 - 110103223?
-110103230
In base 15, what is -907 + -32?
-939
In base 14, what is 3 - -1705?
1708
In base 12, what is -2a7aa - 0?
-2a7aa
In base 6, what is -1523 - 314?
-2241
In base 9, what is -5 - -468051?
468045
In base 5, what is 14 - 2210141?
-2210122
In base 6, what is -33 - -23222?
23145
In base 2, what is -1100011000010111 - 110110?
-1100011001001101
In base 11, what is -4 - 16213?
-16217
In base 7, what is -433315 - 3?
-433321
In base 16, what is -d5 - 162?
-237
In base 7, what is -343060 - -11?
-343046
In base 11, what is 1 + 17196?
17197
In base 14, what is -1dda - 1c?
-2018
In base 13, what is 3 + -25991?
-2598b
In base 12, what is -2097 - a9?
-2184
In base 11, what is -3 - 48a4?
-48a7
In base 10, what is -26 - 24300?
-24326
In base 3, what is 121 - -1011120?
1012011
In base 16, what is 51a8 + 1?
51a9
In base 2, what is 101110000 - 111111001111?
-111001011111
In base 6, what is -22 + 3441?
3415
In base 13, what is -8 + 5186?
517b
In base 6, what is -102245114 + 5?
-102245105
In base 15, what is 3da + 16?
401
In base 6, what is 2315 - -13333?
20052
In base 12, what is 1585b9 + -2?
1585b7
In base 4, what is 133 + -203133?
-203000
In base 11, what is -5 + 6575?
6570
In base 16, what is 515 + -25?
4f0
In base 6, what is -5 + -52235535?
-52235544
In base 11, what is 1641198 - -5?
16411a2
In base 13, what is -23 + 80c?
7b9
In base 2, what is 110101 + -100010111010?
-100010000101
In base 6, what is 45 - 142515?
-142430
In base 6, what is -3 - 1251310?
-1251313
In base 8, what is -26251 + 10?
-26241
In base 10, what is 1363 + -143?
1220
In base 3, what is -120221120202 + -10?
-120221120212
In base 4, what is 0 - -1100?
1100
In base 7, what is 351261 - 5?
35